-8
Let s(y) = y**3 - 21*y**2 - y + 442. Let f be s(20). Let i(g) = -2*g**2 + 45*g - 36. What is i(f)?
-14
Let s be (-7 - -12 - (5 - 0)) + 345. Let m = s + -341. Let q(l) = -l**3 + 3*l**2 + 5*l. Determine q(m).
4
Let p(q) = -q**3 - 3*q**2 + 2*q + 3. Let v(x) = -x**3 - 3*x**2 + 3*x + 15. Let d be v(-7). Let j = d - 192. Calculate p(j).
-5
Let i(n) = -2*n - 1. Suppose 11*x + 537 + 13 = 0. Let j be ((-3)/(-5))/((-10)/x). What is i(j)?
-7
Let u(q) = -3*q**2 - 8 - 30*q - 5*q**2 - 8 + 3*q**2 + q**2. Calculate u(-8).
-32
Let d(r) = -r + 18. Let o(s) = s**2 - 27*s + 157. Let v be o(8). Determine d(v).
13
Let n(j) = j**2 - 4*j + 6. Let s be 1*0/(-1)*1. Suppose s = -8*y + 12*y - 16. Determine n(y).
6
Let b(u) = 4*u**3 - 4*u + 1. Suppose -4*k = 5*a + 6 + 6, -k = -4*a - 18. Determine b(k).
25
Let t(i) be the first derivative of -i**4/4 - 10*i**3/3 - 21*i**2/2 + 7*i + 195. Give t(-7).
7
Let s = 20 - 16. Suppose 0 = -2*b - 2*r - 6, 7*r = 5*r - 4. Let d(m) = 6*m**3 + m**2 + 3. Let t(v) = v**3 + v**2. Let w(k) = b*d(k) + 5*t(k). What is w(s)?
-3
Let w be 3 + (-4 - -4)*(-3)/(-6) + -15. Let v(m) = -m**2 - 9*m + 23. What is v(w)?
-13
Let l be 5 + -2 - (-25)/((-250)/(-160)). Let b(c) = c**3 - 19*c**2 + 5*c + 26. Determine b(l).
121
Let a(b) = 4*b**2 + 22*b - 21. Let w be a(1). Let f(o) = 28*o - 15*o - 7*o - 10 - w*o. What is f(-5)?
-15
Let r(t) = -t**2 - 8*t - 6. Let s = 183 - 9. Suppose s + 336 = 6*a. Let x = a + -91. Determine r(x).
6
Let t(d) = 3*d**3 + d**2 - d. Suppose -51*w + 48 = -45*w. Suppose -72*s - w = -80*s. Calculate t(s).
3
Let b(d) = d**2 - 4*d + 2. Let j(y) = -2*y**3 + 11*y**2 + 2*y + 22. Let l be j(6). Let h be (0 - l - (18 + -12)) + 6. Give b(h).
-2
Let z(x) = -13*x**2 + x. Suppose -2*k - 2 = -4*v + 4, k = v. Suppose -o - v = -19. Suppose -10*t - 6*t - o = 0. Give z(t).
-14
Suppose -24*w + 6*w + 84 = 10*w. Let o(u) = -u - 3 + 4*u + 5. What is o(w)?
11
Let d(v) = -v**2 + 6 - 52*v + 21*v - 3 + 13*v. Determine d(-15).
48
Let i(u) be the third derivative of u**6/40 - 2*u**5/3 + 5*u**4/8 - 4*u**3 + 2*u**2 - 371. Give i(13).
2
Suppose 39*g - 28*g = 2255. Suppose -g*o = -211*o - 24. Let z(n) = -n**3 - 5*n**2 + 6*n + 1. Give z(o).
-39
Let g(z) be the second derivative of -z**5/20 + z**4/6 + 4*z**3/3 - 9*z**2/2 + 2*z - 1814. Give g(3).
6
Suppose 0 = 3*a - 3*j, 5*a - 5*j + 2*j = 0. Suppose -4*u = -a*u. Suppose u = -n, -n - 2*n - 12 = 2*h. Let p(y) = y + 8. Determine p(h).
2
Let v(h) = -h + 1. Let z be (10/(-30))/((-14)/504). Give v(z).
-11
Let q(l) = -3*l**2 + 47*l + 336. Let z be q(21). Let t(k) = k**3 + 4*k**2 + 3*k - 2. What is t(z)?
-2
Suppose 14 = j - 2*j - 5*a, 3*a - 12 = -4*j. Let y be (0 - 0)/(-8 + j). Let o(r) be the third derivative of r**6/120 - r**5/60 + r**3/3 + 1060*r**2. Give o(y).
2
Let k(y) = -85 + 166 + y**2 + y**2 - 80 - y**3. What is k(0)?
1
Let n = 29754 + -29751. Let t(y) be the first derivative of 8 + 1/4*y**4 + 4/3*y**n + 1/2*y**2 - 4*y. Determine t(-4).
-8
Let f(c) = c - 3. Let u be f(-3). Let o be 10/(-15) + (-22)/u. Let i(h) = 29 - h**2 + 4*h - 12 - 11 + 19 - 14 - 8. Give i(o).
6
Let o(v) = -v**2 - 10*v - 13. Suppose -4*i = b, 2*b - 36 - 3 = 5*i. Suppose 17*g - 10 = b*g, n - 4 = -5*g. Determine o(n).
11
Let g(z) = -91*z + 174*z - 83*z - 61*z + 434. Let r be g(7). Let a(n) = n**3 - 8*n**2 + 7*n + 5. Give a(r).
5
Let s(x) = 33 - 8 - 14 + x + 9*x**2 + 0*x**3 - x**3. Let j = -389 + 398. Determine s(j).
20
Let t(p) be the third derivative of p**8/20160 + p**7/840 - p**6/90 + p**5/15 - p**3/6 + p**2 + 19. Let y(f) be the third derivative of t(f). Calculate y(-6).
-8
Let q(n) = 49*n + 40*n - 48*n + 78 - 32*n. Calculate q(-8).
6
Let d(g) = -2*g**2 + 38*g + 42. Let b be d(20). Let u(p) = -5*p + 13. Let h be u(b). Let s(m) = m + m - 6*m + 2. Determine s(h).
-10
Let y(j) = -j**3 - 21*j**2 - 11*j - 5. Let l(z) = -z**3 - 19*z**2 - 11*z - 5. Let k(s) = -7*l(s) + 6*y(s). Determine k(-5).
0
Let z(q) = 18*q**2 - q + 36. Let k(f) = 19*f**2 - f + 34. Let x(l) = -2*k(l) + 3*z(l). Let u(o) be the first derivative of x(o). Determine u(-1).
-33
Let a(r) = -r + 19. Suppose 4*m + 4*y - 8 = 40, -6 = m - 2*y. What is a(m)?
13
Let y(m) be the third derivative of -m**4/24 - 7*m**3/6 - 324*m**2. Suppose s + 1 = -7. Determine y(s).
1
Let p(i) = -3*i**3 + 25*i**2 + 89*i - 397. Let z(k) = 2*k**3 - 17*k**2 - 59*k + 252. Let m(g) = -5*p(g) - 8*z(g). Calculate m(13).
-18
Let s(b) be the third derivative of -b**5/60 - b**4/6 - b**3/3 - 4*b**2 + 1037*b. Suppose -4*g + 2*l - 10 = 0, l = 5*g - l + 15. Calculate s(g).
-7
Let q be 6/(-21) + (1 - (-1224)/21). Let k(s) = 3 + 1 - 3*s - q*s**2 + 60*s**2. Let u be 2/(-3) - 121/(-33). Determine k(u).
4
Let v(u) be the second derivative of -u**7/2520 + 7*u**6/720 + u**5/15 - 32*u**4/3 - 19*u. Let t(b) be the third derivative of v(b). Give t(9).
-10
Let r(c) = 2*c - 1. Suppose -2*o - 21 = -2*x + o, -3*o = -5*x + 48. Let w be 4/3*(-2 + -1). Let n(a) = a. Let h(m) = w*r(m) + x*n(m). Give h(0).
4
Let j = -136 + 138. Let y(o) = 25 + 4*o - 17 - 9 + 2*o**j + o - o**2. What is y(-6)?
5
Let a(q) be the second derivative of -q**5/20 - 13*q**4/12 + q**3/6 + 9*q**2 - 492*q. Suppose -o - 9 = 4. What is a(o)?
5
Let u(l) be the third derivative of -l**4/12 + 5*l**3 + 3*l**2. Let b be u(12). Let y(w) = 6*w**3 - 4*w + 3*w - 5*w**3 + 7*w**2 + b*w - 1. What is y(-6)?
5
Suppose 9*z - 4*z - 40 = 0. Suppose z*f + 12*f = -40. Let p(g) = g**3 + g**2 - 2*g - 3. Give p(f).
-3
Suppose 68*r - 84*r - 744 = 170*r. Let p(q) = q**3 + 4*q**2 + q + 4. Let y(f) = -2*f**3 - 8*f**2 - f - 7. Let v(j) = -5*p(j) - 2*y(j). What is v(r)?
6
Let f(r) = -r - 9 + 18 + 54 - 4*r + 6*r. What is f(-44)?
19
Let m(n) = n**3 - 4*n**2 + 4. Let j be (-2008)/(-16)*(2 + 0/(-2)). Let s = j + -248. Calculate m(s).
-5
Suppose -3*s + 3 + 6 = 0. Suppose 5*b - 4*u - 15 = 23, s*b - 5*u = 28. Let k(d) = -3*d + 14. What is k(b)?
-4
Let q be ((-2 + 3)*1)/1. Let f(s) = 2*s + 1. Let p be f(q). Let w(a) = -3*a + 4*a**2 + 9*a + 104 - a**p - 110. Determine w(5).
-1
Let h(f) = -2*f + 2. Let d(c) = 77*c + 78. Let m be d(-11). Let w = -779 - m. What is h(w)?
22
Let l(r) = 15*r + 30. Let a be l(-2). Let b(u) be the second derivative of -1/3*u**3 + 1/5*u**5 + 1/12*u**4 + 1/2*u**2 - 24*u + a. Calculate b(1).
4
Let p(j) be the second derivative of 55*j**3/6 + 245*j**2 + j - 42. Determine p(-9).
-5
Let j(q) = q + 12. Let g be j(16). Let i(s) = s**3 - 29*s**2 + 29*s - 32. Give i(g).
-4
Let d(x) be the second derivative of x**6/120 + 3*x**5/20 + x**4/4 + x**3/6 + 31*x**2 + 2*x - 1. Let f(i) be the first derivative of d(i). What is f(-8)?
17
Let v(k) = k + 2 + 459*k**2 + 9*k**3 - 460*k**2 + 0*k**3. Determine v(-1).
-9
Suppose 0 = -23*c + 40 + 144. Let h(p) be the third derivative of p**5/60 - 5*p**4/12 + 5*p**3/6 - 106*p**2 + 1. What is h(c)?
-11
Let l(w) = -w - 1. Let s(h) = -11*h + 6. Let c(k) = 19*l(k) - 2*s(k). Determine c(0).
-31
Let r(q) = 0 - 11 - 77*q + 2 + 81*q. Calculate r(-10).
-49
Let c = -239 - -238. Let u be -3*((-10)/6 - c). Let z(f) = -18*f + 2. Determine z(u).
-34
Let c(j) be the first derivative of j**3/3 - 25*j**2 + 50*j + 3455. What is c(49)?
1
Let j(l) be the second derivative of -l**4/2 + 7*l**3/6 + 3*l**2/2 + 13*l - 2. What is j(2)?
-7
Suppose 6*l = -0*l + 294. Let u = l - 44. Let i(a) = -7*a**2 + 8*a - 1. Let k(y) = -6*y**2 + 7*y - 1. Let q(n) = 5*i(n) - 6*k(n). Determine q(u).
16
Let s(k) = k**2 - 9*k + 6. Suppose -j - 3*w = 13, -3*j + 0*w - 19 = 5*w. Suppose -j = -4*y + 22. What is s(y)?
-12
Let j(r) = -r - 4 + r + 9*r - 2*r. Let i be ((-1)/(-2) - 2)*(-5 - -7). Determine j(i).
-25
Let q be (-3 - 3)/((-9)/(-12) + 0/(-4)). Let o(g) = g**3 + 9*g**2 + g + 1. Give o(q).
57
Let y(i) be the third derivative of i**5/60 - 23*i**4/24 - 2*i**3 - 82*i**2 - 5*i. Give y(24).
12
Let v(h) = h**3 + 15*h**2 - 17*h - 22. Let r be v(-16). Let x(i) = -5*i - 19*i**2 - 2*i**2 + 20*i**2 - 2 - 1. Calculate x(r).
-9
Let x(q) be the third derivative of -q**2 - 1/6*q**3 + 1/24*q**4 + 0*q + 0. Let a(n) = 2*n - 4. Let i(z) = a(z) - 3*x(z). Determine i(5).
-6
Let x = 356 - 39. Let r = 311 - x. Let n(c) = c**3 + 6*c**2 + 2*c + 4. Determine n(r).
-8
Let i be ((-8)/(-18))/(8/36). Let b(y) = -144 + 141 + y - 2*y**2 + y + 0*y**i. What is b(2)?
-7
Let f(y) = 575*y + 2. Suppose -q - 4*q - 14 = -4*u, -9 = -5*u + 2*q.